*r = -0*r - 2, j - 3*r - 5 = 0. Let d = 6 + j. List the prime factors of d.
2
Suppose -5*b - 345 = -5*f, -4*f + 272 = -2*b - 3*b. List the prime factors of f.
73
Let h(j) = j**3 - 10*j**2 + 7*j - 5. What are the prime factors of h(10)?
5, 13
Suppose -3*k - 3*n + 138 = 0, 3*k + 5*n = k + 83. What are the prime factors of k?
7
Suppose -13 = 3*d - 1, -4*s = 3*d. Suppose -4 + s = v + 2*l, l + 39 = 5*v. List the prime factors of v.
7
Let h(z) = 4*z**2 + 4*z - 1. What are the prime factors of h(-4)?
47
Let y(d) = -12*d. What are the prime factors of y(-3)?
2, 3
Suppose -2*t + 2*c = 8, -6*t + 8 = -2*t + 2*c. Suppose 0 = -3*m - t*m - 9, -5*m = -4*a + 83. What are the prime factors of a?
17
Let k(c) = 21*c**3 - 4*c**2 - 1. Let w(z) = 21*z**3 - 5*z**2 - 2. Let x(i) = -3*k(i) + 2*w(i). What are the prime factors of x(-1)?
2, 11
Suppose -5*r + 3*r + 76 = 0. List the prime factors of r.
2, 19
Let z be (-1 - -2)*0/2. Suppose 2*n - 7*n + 4*j + 22 = z, -4*n - 2*j = -28. List the prime factors of n.
2, 3
Suppose -184 = 2*f - 540. What are the prime factors of f?
2, 89
Suppose 4*p - 9*p = -260. Suppose 3*w - p = w. What are the prime factors of w?
2, 13
Suppose 0 = -15*i + 547 + 248. List the prime factors of i.
53
Suppose -4*w - 2 = -6. Suppose 0 = 2*c + j + 2*j + w, 5*c - j = -11. List the prime factors of 7/(1 + c - -2).
7
Let k(i) = -2*i**3 - 2*i**2 - i + 2. Let t be k(-2). Let v be (t/2)/(8/(-4)). What are the prime factors of 1/(16/5 + v)?
5
Let p = 4 - -2. Let g = p + -6. Suppose 4*x = 2*m + 48, -4*m - 66 = -5*x - g*x. List the prime factors of x.
2, 5
Suppose -2*i + 0*i = -8. Suppose 2*c - 60 = 4*a, -i*c + 108 - 43 = 3*a. Suppose -3*d = 2*p - 25, -3*d + c = p - 0*d. What are the prime factors of p?
5
Suppose 4*d + f - 12 = 0, -5*d = -f - 20 + 5. Suppose 5*b - d*l - 35 = 0, -b + 3*b = -4*l + 40. What are the prime factors of b?
2, 5
Let q(d) = -d. List the prime factors of q(-7).
7
Let z be (-8)/(-16)*(0 - -6). Suppose -3*u = -j - 58, z*j = -u + 4*u - 48. List the prime factors of u.
3, 7
Let j(g) be the third derivative of -g**6/120 - g**5/60 - g**4/24 + 5*g**3/6 + 3*g**2. List the prime factors of j(0).
5
Let a = 11 - 6. Let k be 18/2 + 3 - -1. Suppose -a*p + 17 + k = 0. List the prime factors of p.
2, 3
Let g = -29 - -42. Suppose 0*b + 57 = 3*b. Let d = b - g. What are the prime factors of d?
2, 3
Let c = -72 + 102. List the prime factors of (-6)/c - (-132)/10.
13
Suppose -2*g + 3*g - 4 = 0, 0 = -3*c + 3*g - 30. Let j(p) = -p - 2. Let t be j(0). List the prime factors of 59/3 + t/c.
2, 5
Let h be (-2)/(-6) + 2/(-6). Suppose 0*a + 2*a - 8 = h. Suppose -3*p - 2*p + 15 = 5*x, 0 = -a*x - 16. What are the prime factors of p?
7
Let w(n) = -3*n**3 - 3*n**2 + 2*n. Let z(p) = 10*p**3 + 9*p**2 - 7*p. Let i(x) = -7*w(x) - 2*z(x). What are the prime factors of i(-2)?
2
Let b = 23 - 8. Suppose 0 = -k - 0*k - b. List the prime factors of (6/15)/((-1)/k).
2, 3
Let s = -44 + 20. Let v = s + 47. List the prime factors of v.
23
Suppose -7*w = -2*w - 240. List the prime factors of w.
2, 3
Let n = 17 - 10. Let i(y) = -y**2 + 10*y - 8. What are the prime factors of i(n)?
13
Let d = 5 + -5. Let t = d - -5. Let m = t - 2. List the prime factors of m.
3
Let l = 1 + 7. List the prime factors of l.
2
Let t(r) = 2*r**3 - 3*r**2 + 2*r - 1. Let w be t(2). Suppose c + w = 2*c. What are the prime factors of c?
7
Suppose -4 - 4 = 4*l, -4*r - 4*l + 44 = 0. Suppose 4*b + 24 = -v, 5*v = b - 2*b + r. Let u = b - -13. List the prime factors of u.
2, 3
Let l(r) = 71*r + 9. List the prime factors of l(2).
151
Let y(a) = 3*a + 2. Let f(u) = 5*u + 5. Let i(h) = -6*f(h) + 11*y(h). List the prime factors of i(12).
2, 7
Let o = 126 + 79. List the prime factors of o.
5, 41
Suppose c + 10 = 27. Suppose -5*i = -13 - c. What are the prime factors of i?
2, 3
Let g(c) = -6*c + 2. Suppose -4*u - 6 = -2*u. What are the prime factors of g(u)?
2, 5
Let c be 166/(-8) + (-4)/16. Let b = 5 + -8. List the prime factors of (-1)/b - 140/c.
7
Suppose 8*p - 3 = 53. What are the prime factors of p?
7
Let k(f) = 4*f + 8. Let z be k(3). Let l = z + -7. List the prime factors of l.
13
Suppose -4*t = -5 - 11. Suppose 3*m - t*p = -1, 0 = 2*m - 3*m - p + 9. Suppose m*n + 5*i - 15 = 0, 3*n + 2*n - 2*i = 36. What are the prime factors of n?
2, 3
What are the prime factors of (0 + (-4)/(-1))/1?
2
Let b(i) = i**3 - i**2 + 2*i. Suppose -2*h - 2*h = -8. List the prime factors of b(h).
2
Let g be (5 + -2)*(-2)/6. Let k(t) = -t**3 + t**2 - t - 1. What are the prime factors of k(g)?
2
Let l(b) = 8*b - 13. What are the prime factors of l(10)?
67
List the prime factors of (-10)/(-25) + 36/10.
2
Suppose -13*m + 96 = 3*m. List the prime factors of m.
2, 3
Suppose 3*s - 146 = 13. What are the prime factors of s?
53
Let t be -7*1/(14/(-60)). Let a = t + -9. Let b = -13 + a. What are the prime factors of b?
2
Let q be -6*(165/6)/(-5). Let j = q + -21. What are the prime factors of j?
2, 3
Let c be 15/(-20)*-26*2. Let r = c + -20. List the prime factors of r.
19
Let a = 12 + -9. Suppose a*o - 4*l - 7 = -6*l, -o + l = -4. Suppose g = o*g - 26. What are the prime factors of g?
13
What are the prime factors of ((-8)/(-12))/(2/102)?
2, 17
Suppose 0 = -22*a + 24*a - 230. What are the prime factors of a?
5, 23
Let v(n) = 2*n**2 + 2*n. Let t be (-40)/18 - (-2)/9. Let w be v(t). What are the prime factors of 2/w - 85/(-10)?
3
List the prime factors of (49/1 - -3) + -3.
7
Let a = -2 + 1. Let n be (3/2)/(3/4). List the prime factors of n - -3 - (-1 - a).
5
Suppose -5*s + 2*c - 30 = 0, -3*s + c - 17 = -0*c. Let j(v) = v**3 + 5*v**2 + 3*v. Let l be j(s). Suppose -l*a = -a - 30. What are the prime factors of a?
2, 5
Let s = 75 + -48. What are the prime factors of s?
3
Suppose -24 = -2*t - 5*x + 36, 4*t - 2*x = 72. Suppose -2*d - 2*n = -4*d + 12, t = 3*d - n. Let i = d + 2. List the prime factors of i.
3
Let v = -40 + 76. What are the prime factors of v?
2, 3
Let p = 27 + 4. What are the prime factors of p?
31
Suppose -4*d + 33 = 5*l, -3*l - 1 = -4*d - 8. Suppose l*b - 109 + 4 = 0. List the prime factors of b.
3, 7
Suppose 0*w - 9 = -3*w. Suppose 8*g - 15 = w*g. What are the prime factors of g?
3
Let x(u) = 6*u**2 + 4*u + 14. What are the prime factors of x(-6)?
2, 103
Suppose m - 3*m = -138. List the prime factors of m.
3, 23
Let a(s) = s + 13. Let p be a(-9). Suppose 0 = -4*q + 2*m + 80, -3*m = q + 4*q - 122. Suppose 0 = 3*u - q + p. List the prime factors of u.
2, 3
Suppose 5*p + 17 - 42 = 0. Let t(h) = h**3 - 4*h**2 - 4*h + 2. What are the prime factors of t(p)?
7
Suppose -t - 2 + 22 = 0. What are the prime factors of t?
2, 5
Suppose b - 3 = -2. Let p be (-46)/(-8) + b/4. Suppose 10 + p = 4*d. What are the prime factors of d?
2
Suppose n - 70 = 66. Suppose -4*s + 3*s = 5*g - 46, 4*g + n = 4*s. What are the prime factors of s?
2, 3
Let u be 1/((-3)/(30/2)). Let y(x) be the first derivative of -x**4/4 - 5*x**3/3 - x**2 - 2*x - 1. What are the prime factors of y(u)?
2
Let d(k) = 2*k + 26. List the prime factors of d(0).
2, 13
Let v(n) = -34*n - 5. List the prime factors of v(-2).
3, 7
Let g be -1*1*25/(-5). Suppose 0 = -k + 4*i + 19, 0*k + 27 = g*k - 3*i. What are the prime factors of k?
3
Let o = 11 + -10. Let q = o - 2. List the prime factors of (-78)/(-9) - q/3.
3
Let w = 72 + -124. Let n = -19 - w. What are the prime factors of n?
3, 11
Suppose -2*l = 4*n + 8 - 0, 3*n + 16 = l. Let j = -1 - n. Suppose -j*r = 2*y + 2*r - 19, 2*r = 2. List the prime factors of y.
7
Let s(l) = -l**3 - 8*l**2 + 8*l + 7. List the prime factors of s(-9).
2
Suppose -4*q + 2 + 6 = 0. Suppose -q*v - x = -4, -v + 4 - 8 = 2*x. List the prime factors of (1 + 2)/(3/v).
2
Suppose 0*l - 1248 = -4*l. List the prime factors of l.
2, 3, 13
Suppose p = -5 + 8. Let g = p - 5. What are the prime factors of (-2)/((-15)/6 - g)?
2
Let g(p) = -p**3 + p**2 - p - 1. Let l(v) = 7*v**3 - 2*v**2 - v. Let n(b) = 6*g(b) + l(b). Let t = -1 + -4. List the prime factors of n(t).
2
Let b = 15 + -11. Suppose -5 = w - k, -5*w + 6 = -2*w + b*k. Let v = 9 + w. List the prime factors of v.
7
Let q(t) = 6*t + 6. Let l be q(-6). Let b = 60 + l. What are the prime factors of ((-8)/(-6))/(4/b)?
2, 5
Suppose -4*j = 27 + 5. Let b(d) = d + 12. List the prime factors of b(j).
2
Let k(x) = -x**2 - 9*x - 2